 digit of 68087?
8
What is the thousands digit of 1205?
1
What is the units digit of 36054?
4
What is the units digit of 3311?
1
What is the hundreds digit of 885?
8
What is the tens digit of 245?
4
What is the hundreds digit of 2536?
5
What is the units digit of 1097?
7
What is the hundreds digit of 28833?
8
What is the units digit of 2335?
5
What is the tens digit of 641?
4
What is the tens digit of 20128?
2
What is the hundreds digit of 316?
3
What is the units digit of 39095?
5
What is the thousands digit of 18569?
8
What is the units digit of 5937?
7
What is the units digit of 10403?
3
What is the hundreds digit of 58844?
8
What is the tens digit of 79?
7
What is the hundreds digit of 1218?
2
What is the thousands digit of 88492?
8
What is the units digit of 724?
4
What is the thousands digit of 12964?
2
What is the hundreds digit of 2767?
7
What is the units digit of 20192?
2
What is the tens digit of 6130?
3
What is the thousands digit of 2658?
2
What is the tens digit of 5030?
3
What is the units digit of 813?
3
What is the tens digit of 1621?
2
What is the tens digit of 9171?
7
What is the hundreds digit of 8216?
2
What is the tens digit of 686?
8
What is the tens digit of 11653?
5
What is the hundreds digit of 278?
2
What is the hundreds digit of 30390?
3
What is the tens digit of 42291?
9
What is the tens digit of 51143?
4
What is the hundreds digit of 1307?
3
What is the units digit of 5912?
2
What is the units digit of 926?
6
What is the tens digit of 11435?
3
What is the units digit of 18?
8
What is the thousands digit of 27206?
7
What is the hundreds digit of 5609?
6
What is the hundreds digit of 12525?
5
What is the ten thousands digit of 21525?
2
What is the tens digit of 2548?
4
What is the hundreds digit of 3190?
1
What is the units digit of 2201?
1
What is the tens digit of 3501?
0
What is the tens digit of 51478?
7
What is the hundreds digit of 6964?
9
What is the thousands digit of 5894?
5
What is the ten thousands digit of 40357?
4
What is the units digit of 216?
6
What is the hundreds digit of 6795?
7
What is the units digit of 9387?
7
What is the tens digit of 10024?
2
What is the ten thousands digit of 42915?
4
What is the thousands digit of 6643?
6
What is the units digit of 52843?
3
What is the tens digit of 6485?
8
What is the tens digit of 5196?
9
What is the tens digit of 1036?
3
What is the tens digit of 81?
8
What is the units digit of 58?
8
What is the tens digit of 725?
2
What is the units digit of 1083?
3
What is the ten thousands digit of 12300?
1
What is the units digit of 14320?
0
What is the thousands digit of 13978?
3
What is the hundreds digit of 5589?
5
What is the tens digit of 39511?
1
What is the units digit of 578?
8
What is the hundreds digit of 69453?
4
What is the thousands digit of 2938?
2
What is the hundreds digit of 1746?
7
What is the units digit of 274?
4
What is the units digit of 10577?
7
What is the thousands digit of 1326?
1
What is the ten thousands digit of 12329?
1
What is the thousands digit of 16160?
6
What is the units digit of 1335?
5
What is the thousands digit of 7629?
7
What is the thousands digit of 8154?
8
What is the units digit of 42365?
5
What is the hundreds digit of 1163?
1
What is the units digit of 2488?
8
What is the units digit of 84076?
6
What is the thousands digit of 3893?
3
What is the hundreds digit of 3101?
1
What is the units digit of 11761?
1
What is the units digit of 1048?
8
What is the units digit of 1537?
7
What is the hundreds digit of 7975?
9
What is the hundreds digit of 78778?
7
What is the thousands digit of 72583?
2
What is the thousands digit of 24025?
4
What is the hundreds digit of 1013?
0
What is the units digit of 4374?
4
What is the units digit of 65510?
0
What is the tens digit of 139?
3
What is the ten thousands digit of 14418?
1
What is the units digit of 717?
7
What is the thousands digit of 22423?
2
What is the thousands digit of 19984?
9
What is the thousands digit of 29040?
9
What is the units digit of 2767?
7
What is the tens digit of 795?
9
What is the thousands digit of 5927?
5
What is the tens digit of 70112?
1
What is the units digit of 2630?
0
What is the tens digit of 4588?
8
What is the tens digit of 1345?
4
What is the hundreds digit of 737?
7
What is the ten thousands digit of 65131?
6
What is the tens digit of 2689?
8
What is the thousands digit of 2522?
2
What is the hundreds digit of 385?
3
What is the hundreds digit of 102219?
2
What is the tens digit of 9261?
6
What is the hundreds digit of 1103?
1
What is the units digit of 17077?
7
What is the thousands digit of 1314?
1
What is the units digit of 7356?
6
What is the tens digit of 852?
5
What is the thousands digit of 1492?
1
What is the tens digit of 1919?
1
What is the tens digit of 182?
8
What is the ten thousands digit of 35900?
3
What is the thousands digit of 22595?
2
What is the units digit of 1632?
2
What is the ten thousands digit of 26067?
2
What is the hundreds digit of 1576?
5
What is the tens digit of 28335?
3
What is the hundreds digit of 2981?
9
What is the tens digit of 1318?
1
What is the thousands digit of 28650?
8
What is the units digit of 2808?
8
What is the thousands digit of 1324?
1
What is the units digit of 1135?
5
What is the thousands digit of 37271?
7
What is the thousands digit of 116063?
6
What is the hundreds digit of 4797?
7
What is the thousands digit of 4051?
4
What is the tens digit of 897?
9
What is the tens digit of 1001?
0
What is the thousands digit of 2914?
2
What is the hundreds digit of 170?
1
What is the hundreds digit of 1109?
1
What is the units digit of 2302?
2
What is the units digit of 925?
5
What is the tens digit of 18532?
3
What is the hundreds digit of 6846?
8
What is the tens digit of 7539?
3
What is the tens digit of 3449?
4
What is the tens digit of 6806?
0
What is the hundreds digit of 39057?
0
What is the tens digit of 3945?
4
What is the tens digit of 6478?
7
What is the hundreds digit of 15087?
0
What is the tens digit of 2586?
8
What is the units digit of 1597?
7
What is the thousands digit of 184760?
4
What is the hundreds digit of 2546?
5
What is the units digit of 1527?
7
What is the thousands digit of 73186?
3
What is the tens digit of 14119?
1
What is the hundreds digit of 7517?
5
What is the units digit of 2810?
0
What is the ten thousands digit of 22117?
2
What is the units digit of 330?
0
What is the hundreds digit of 45618?
6
What is the tens digit of 8884?
8
What is the hundreds digit of 947?
9
What is the tens digit of 3039?
3
What is the thousands digit of 3801?
3
What is the units digit of 944?
4
What is the units digit of 1132?
2
What is the units digit of 3223?
3
What is the units digit of 405?
5
What is the tens digit of 7105?
0
What is the ten thousands digit of 20649?
2
What is the hundreds digit of 386?
3
What is the units digit of 75961?
1
What is the units digit of 1396?
6
What is the tens digit of 6862?
6
What is the tens digit of 12?
1
What is the tens digit of 22047?
4
What is the thousands digit of 4015?
4
What is the units digit of 81300?
0
What is the tens digit of 13431?
3
What is the units digit of 2917?
7
What is the tens digit of 3375?
7
What is the tens digit of 17761?
6
What is the units digit of 63?
3
What is the units digit of 10556?
6
What is the units digit of 234?
4
What is the units digit of 4433?
3
What is the units digit of 6687?
7
What is the tens digit of 9547?
4
What is the tens digit of 22143?
4
What is the ten thousands digit of 36048?
3
What is the units digit of 834?
4
What is the hundreds digit of 601?
6
What is the units digit of 59?
9
What is the units digit of 312?
2
What is the hundreds digit of 996?
9
What is the hundred thousands digit of 116444?
1
What is the units digit of 10374?
4
What is the ten thousands digit of 12283?
1
What is the units digit of 21826?
6
What is the units digit of 6688?
8
What is the ten thousands digit of 18083?
1
What is the units digit of 24460?
0
What is the tens digit of 1470?
7
What is the tens digit of 1741?
4
What is the units digit of 1543?
3
What is the tens digit of 614?
1
What is the hundreds digit of 2830?
8
What is the units digit of 118175?
5
What is the tens digit of 709?
0
What is the thousands digit of 83157